/d + 62643/17 a prime number?
True
Let b = -50 - -110. Suppose 56*f = b*f - 764. Is f a composite number?
False
Let n be (0 + -3)*(-7 - (-156)/18). Let c be ((-4)/6)/(10/15)*n. Suppose 410 - 2095 = -c*l. Is l a prime number?
True
Suppose -u + 3*f + 85810 = 0, 222966 = 5*u + 2*f - 206067. Is u composite?
True
Let b = -72 - 16. Let j be (b/(-12))/((-4)/(-834)). Let t = -1075 + j. Is t a composite number?
True
Let k = -60268 - -275277. Is k prime?
False
Let v(j) = 22276*j + 29. Is v(5) prime?
True
Let c be (0 - -2) + -1 + 2184/8. Let y = 407 - c. Suppose -6*p - y = -4651. Is p prime?
False
Let l(x) = 5*x + 3. Let c be l(-1). Let v be 18475/10 + (-1)/c. Suppose 6740 - v = 4*j. Is j a composite number?
False
Is (-96353)/((6 + -7)*1) composite?
False
Suppose 4*f = j + 71736, 3*f + 4*j - 16092 = 37691. Is f prime?
False
Let m(d) be the second derivative of d**4 + 8*d**3/3 + 41*d**2/2 + 2*d - 30. Is m(10) prime?
False
Let j = 79 + -73. Let m be (-1)/(j/(-90)*3). Is m/20*8 - (-6994 - -1) prime?
False
Suppose 3*t - 17325 = -3*b, -3*t + 2*t + 17315 = 3*b. Let d = 8403 - b. Is d prime?
True
Let k(o) = o - 7*o - 9 + 8*o + 3*o + 1308*o**2 - 3*o. Is k(2) a composite number?
False
Let o = 48 + -43. Let l be o/10 - (-18)/4. Let h(v) = 330*v - 11. Is h(l) a composite number?
True
Let k = 48 + 33. Let d = 1274 - 1320. Let x = k - d. Is x a prime number?
True
Let b(g) = 608*g**2 - 23*g + 60. Let i be b(7). Suppose v + 4*n + 3604 - 13521 = 0, i = 3*v - 3*n. Is v prime?
True
Is 70/(-42)*465903/(-15) a composite number?
False
Let z be (1259/(-2))/(1/(-2)). Suppose -3*i + 0*d = -4*d - z, 5*i - 2083 = -d. Suppose -i = -t - 80. Is t prime?
True
Let u = -7 + 10. Let m(n) = -10 - 2*n + u*n + 0*n + 6*n. Is m(9) prime?
True
Let v = 10527 - -22073. Suppose -7*l = -3*l + 4*r - v, -3 = -r. Is l composite?
False
Let c(p) = 7960*p + 2517. Is c(10) a composite number?
True
Let f be (-10942)/(-7) - 5/35. Suppose -95*g = -92*g - f. Is g composite?
False
Suppose 5*s = -2*x + 1535319, -5*s + 269336 + 1266007 = -x. Is s a prime number?
True
Suppose 4*i - 5 = 3. Suppose 2065 = -3*x + 4*h, i*h - 1372 = 2*x + 4*h. Let m = 1318 + x. Is m prime?
True
Suppose 0 = -1732*a + 1701*a + 11273429. Is a a composite number?
False
Is (-2 + (-821210)/40)/(2/(-8)) a prime number?
True
Suppose -34*m + 60*m = 31*m - 866315. Is m a composite number?
False
Let n(r) = 3*r**3 - 110*r - 9*r**2 + 35*r - 5 + 35*r + 43*r. Is n(4) prime?
False
Let h = 412718 - 282037. Is h prime?
True
Let m = -56 - -60. Is (-2 - 653)/((2 - m) + 1) prime?
False
Let f = 2973 + -2962. Suppose -t - 8 + 19 = 0. Is f/t*(1070 - 1) a composite number?
False
Let h = -42 + 49. Let v(g) = -g**3 - 182 + 35*g**2 + 153 - 15*g - h*g. Is v(24) composite?
False
Suppose 9 = d - 2*d + k, -3*d + 4*k - 31 = 0. Let f be (2 + d)/(-3) - -1. Suppose -3*c + 369 = f*p - 599, -c = 2*p - 964. Is p prime?
False
Suppose 2179757 = 2*a - 5*n, -2*a + 2*n - 551936 = -2731720. Is a a composite number?
True
Suppose -39*j = 41*j - 90*j + 1673470. Is j prime?
False
Let k = 7749 - 4156. Is (4 + -2 + (1 - 2))*k a composite number?
False
Let q = 60 - 55. Let b(y) = -161*y + 10. Let k(h) = 322*h - 21. Let n(z) = q*b(z) + 3*k(z). Is n(6) a composite number?
False
Suppose -3*n + a = -16596, -97*n - 11064 = -99*n - 4*a. Suppose 0 = -j + 7078 + 2115. Let w = j - n. Is w a prime number?
False
Let h(c) = c**2 + 7*c. Let v be h(-8). Suppose 95 = 3*f + v. Suppose -l = -f - 80. Is l a composite number?
False
Suppose 0 = 5*j - 94 + 19. Suppose 0 = -j*o + 22*o - 22897. Is o a prime number?
True
Let v(b) = -15427*b + 1920. Is v(-13) prime?
True
Let c(w) = -153*w**3 - 26*w**2 - 249*w - 29. Is c(-7) prime?
True
Let g = -7064 - -1661. Let v = g + 10124. Is v a composite number?
False
Let h(c) = -4603*c + 3723. Is h(-64) a prime number?
False
Let i be (((-3)/9)/(-1))/((-2)/(-30)). Suppose -9*s = -4*s - 2*d - 41960, -4*d = -i*s + 41960. Is s/10 + ((-16)/20)/4 a composite number?
False
Let h = -179811 - -469198. Is h a prime number?
False
Let i = -13077 - -225238. Is i prime?
True
Suppose 88*m - 91*m = -147765. Is m a composite number?
True
Let x = 47388 + -3961. Is x prime?
True
Suppose d - 3222 = 69693. Let z = -49310 + d. Is z a prime number?
False
Is (-2 + 10931)*(104/6 - 11) a composite number?
True
Let x = -1238 + 1242. Let h(o) = -6 + 3 + 2*o**2 + 33*o**3 + o + o. Is h(x) a composite number?
True
Suppose b - 2*w + 1879 = 0, -5*b + 0*w - 9381 = -3*w. Suppose -9057 = -3*u - 3*g, 2*u + 2*g + 3028 = 3*u. Let r = b + u. Is r a composite number?
True
Let v = 118121 + -35304. Is v prime?
False
Let h(x) = 1342*x - 53 + 68*x + 1650*x. Is h(2) composite?
False
Suppose 2*p + 65524 = 4*l, 4*l - 53*p - 65524 = -48*p. Is l composite?
False
Suppose -3*x - 17198 = -5*c, 2*c + x + x = 6876. Suppose -8024 - c = -3*h. Is h prime?
True
Suppose 4*v = 5*l - 41318, 3*v - 24788 = -3*l + 4*v. Let w = 12589 - l. Is w composite?
False
Is 1370116/(-8)*23/((-184)/16) prime?
False
Let a = 17 + -18. Let o be a + -1 + (-25)/10*-618. Suppose 3*z - 5*p = -0*p + 2312, 3*p = 2*z - o. Is z a composite number?
True
Suppose 4*k - 17006 = 5*h + 18965, -h = k - 9004. Is k a prime number?
True
Let h(t) = -t + 8. Let w be h(3). Suppose 0 = -0*d + 4*d - 2*z - 72, w*d - 3*z = 91. Suppose -2*u - d = -263. Is u a composite number?
True
Suppose -157 = 8*b - 189. Suppose -b*u + 4*n = -62779 - 17437, -u - 2*n + 20051 = 0. Is u a composite number?
True
Let n(p) = 4*p**2 - 11*p - 2. Let q be n(8). Let j = q - 77. Suppose -2*a + a + j = 0. Is a prime?
True
Suppose -6*w - 75 + 9 = 0. Is -5*1 - (-6 + -4609 + w) prime?
True
Let d(g) = 20*g**2 - 2*g + 9. Let l = -89 + 114. Let h be (-10)/l - 44/(-10). Is d(h) a composite number?
True
Let i be 4/3 - (-60)/36. Suppose i*l + l + 5712 = 0. Let m = l + 2405. Is m a prime number?
True
Suppose -45*r + 40*r + 125 = 0. Suppose -7*o = -r*o + 63918. Is o a prime number?
False
Let j be -2 + 24/9 - 23/3. Let r be -16*((-38)/14 + 2/j). Suppose 396 = 4*a - r. Is a composite?
True
Let t(b) = -727*b - 8. Let h(z) = -7 + 6 - 11*z**2 - z**3 + 18*z + 32*z**2 + 4*z. Let g be h(22). Is t(g) a prime number?
True
Suppose -4*v + 2*w + 13 = w, 0 = -v + 3*w - 5. Suppose -v*u = 2*u - 24. Suppose u*a - 6637 = 1207. Is a composite?
True
Let n = -26 - -24. Is 11934/324 + n/(-12) prime?
True
Suppose -7*i + 32 = 11. Let y(g) = 3*g - i*g + 7 + 8*g + 36*g**2. Is y(-3) prime?
True
Let m = -4257 - 3812. Let q = m + 12462. Is q composite?
True
Is (45361*(-12)/24)/(2/(-4)) a composite number?
False
Let m(t) = -47*t. Let l(b) = -6*b + 10. Let f be l(6). Let c = f + -5. Is m(c) composite?
True
Let s(i) = -4*i - 27. Suppose 0 = 2*k - 5*o + 16, 3*o + 40 = -5*k - o. Let r be s(k). Suppose 0 = 2*y + 3*y - 25, -r*y - 44 = -a. Is a a composite number?
True
Let c = -23806 - -58983. Is c composite?
True
Let g(i) = 463*i**2 + 12*i - 49. Let q be g(7). Is 2/(-4)*q/(63/(-9)) composite?
True
Let d(p) = 2*p**2 + 23*p - 6. Let k be d(-12). Is 6803 + 2 + -6 + k a prime number?
False
Suppose -18 = 6*c - 0*c. Suppose 0 = y - 4*w + 174, y - 2*w + 3*w = -164. Let v = c - y. Is v a prime number?
True
Let d(j) = -3*j**3 + 26*j**2 - 39*j + 28. Let u be d(7). Let z = 39184 - 8981. Suppose o = -4*w - u*o + 24162, 5*w + o = z. Is w a prime number?
False
Let m(b) be the second derivative of 5*b**4/6 - b**3/6 - 2*b**2 - 21*b. Let w be m(-2). Suppose 352 - w = 2*j. Is j a prime number?
True
Suppose 20*q - 30*q = -14*q + 1401788. Is q a composite number?
False
Let y(v) = 16*v**3 + 10*v**2 - 15*v + 22. Let d(t) = t**2 + t + 1. Let j(n) = -4*d(n) + y(n). Is j(7) composite?
True
Let t = 67 - 37. Suppose 0 = -6*w - 6 - t. Is (-3056)/4*w/8 a composite number?
True
Let g be -6 - 4/(-1) - -11. Suppose 3 - g = -v. Suppose 11*j - 655 = v*j. Is j prime?
True
Suppose f = -1, f + 6 = 3*m - 4. Let r(w) = -w + 1. Let y(o) = 34*o - 34. Let v(j) = m*r(j) + y(j). Is v(6) prime?
False
Suppose 9*i + 4*y = 11*i - 1192, -5*y = 4*i - 2371. Let u = i - 74. Let c = 103 + u. Is c prime?
False
Suppose j - 1331 = 2*w, 534 = -3*w - 3*j - 1458. Suppose -6*f = -f - 6230. Let k = f + w. Is k a prime number?
False
Suppose 2*k + 4*w - 22 = 0, 5*k - 4*k - 2*w + 5 = 0. Let q(p) = p**3 + 4*p**2 + 28*p + 79. Let j be q(-3). Is -1626*2/k*(-1)/j a prime number?
True
Let l = 787364 + -5381